 106 (base 9) in base 8?
127
Convert 2120 (base 3) to base 4.
1011
-11 (base 8) to base 3
-100
What is 5 (base 8) in base 7?
5
Convert -6 (base 11) to base 16.
-6
Convert -16 (base 10) to base 13.
-13
What is 20 (base 12) in base 10?
24
-192 (base 13) to base 11
-242
Convert 28 (base 9) to base 11.
24
2 (base 11) to base 4
2
-128 (base 10) to base 8
-200
-1000011 (base 2) to base 14
-4b
22 (base 12) to base 7
35
Convert 161 (base 8) to base 16.
71
103 (base 4) to base 14
15
What is 25 (base 10) in base 6?
41
-1 (base 3) to base 13
-1
What is -34 (base 5) in base 10?
-19
Convert 0 (base 2) to base 6.
0
13 (base 6) to base 16
9
What is 5 (base 7) in base 15?
5
What is d (base 16) in base 4?
31
10 (base 6) to base 2
110
Convert -1 (base 4) to base 6.
-1
What is 2 (base 7) in base 4?
2
1 (base 15) to base 6
1
What is 0 (base 16) in base 8?
0
-166 (base 11) to base 3
-21011
What is -2b (base 14) in base 15?
-29
What is -11 (base 2) in base 6?
-3
Convert 1 (base 8) to base 7.
1
Convert -b4 (base 14) to base 8.
-236
7 (base 10) to base 3
21
What is -10000 (base 2) in base 15?
-11
Convert 1 (base 5) to base 7.
1
-121 (base 4) to base 6
-41
Convert 2 (base 14) to base 3.
2
Convert -12 (base 4) to base 15.
-6
-6 (base 16) to base 2
-110
10100 (base 2) to base 3
202
Convert -252 (base 11) to base 3.
-102002
-1001 (base 2) to base 16
-9
Convert -16 (base 15) to base 14.
-17
Convert 3 (base 15) to base 8.
3
What is -9 (base 13) in base 15?
-9
What is -21 (base 3) in base 8?
-7
Convert 56 (base 7) to base 5.
131
What is -6d (base 14) in base 12?
-81
What is -5 (base 10) in base 5?
-10
Convert 22 (base 13) to base 2.
11100
-2 (base 3) to base 14
-2
What is -103 (base 5) in base 8?
-34
-66 (base 14) to base 13
-6c
-4 (base 12) to base 13
-4
-20 (base 8) to base 16
-10
What is -14 (base 8) in base 7?
-15
Convert 0 (base 11) to base 9.
0
-33 (base 4) to base 3
-120
Convert 6 (base 11) to base 8.
6
0 (base 3) to base 12
0
What is -1 (base 2) in base 13?
-1
-d (base 14) to base 8
-15
-23 (base 7) to base 11
-16
0 (base 16) to base 3
0
What is 100110 (base 2) in base 15?
28
Convert -1ba (base 12) to base 9.
-347
-11 (base 10) to base 3
-102
-2 (base 14) to base 7
-2
21 (base 7) to base 2
1111
-4 (base 8) to base 10
-4
What is -110 (base 9) in base 5?
-330
What is 143 (base 10) in base 6?
355
Convert -6 (base 13) to base 9.
-6
0 (base 12) to base 8
0
Convert -2 (base 6) to base 3.
-2
What is -1 (base 2) in base 12?
-1
Convert 31 (base 5) to base 7.
22
What is -42 (base 7) in base 9?
-33
What is 93 (base 14) in base 10?
129
4 (base 14) to base 5
4
Convert -205 (base 6) to base 5.
-302
What is 13 (base 8) in base 7?
14
What is -123 (base 5) in base 16?
-26
What is -164 (base 7) in base 4?
-1133
What is 14 (base 8) in base 4?
30
Convert -7 (base 13) to base 2.
-111
Convert 0 (base 11) to base 16.
0
Convert 11 (base 8) to base 10.
9
What is 0 (base 6) in base 14?
0
11 (base 2) to base 12
3
Convert -11 (base 5) to base 15.
-6
9 (base 13) to base 12
9
Convert 2 (base 11) to base 5.
2
Convert -1 (base 10) to base 9.
-1
Convert 9 (base 12) to base 3.
100
Convert 1 (base 12) to base 7.
1
What is a (base 12) in base 4?
22
What is 5 (base 12) in base 6?
5
Convert 0 (base 10) to base 5.
0
What is -2 (base 15) in base 9?
-2
Convert -18 (base 13) to base 10.
-21
What is 2 (base 13) in base 8?
2
Convert -4 (base 7) to base 15.
-4
What is 46 (base 11) in base 8?
62
-b (base 12) to base 13
-b
What is -32 (base 4) in base 3?
-112
Convert -26 (base 7) to base 13.
-17
Convert 11 (base 2) to base 4.
3
What is 12 (base 9) in base 15?
b
Convert -10 (base 16) to base 4.
-100
Convert 2 (base 10) to base 7.
2
Convert 1100 (base 3) to base 12.
30
1110 (base 3) to base 4
213
What is -7 (base 9) in base 6?
-11
Convert 1 (base 2) to base 3.
1
What is 6 (base 10) in base 5?
11
6 (base 10) to base 7
6
What is 4 (base 12) in base 16?
4
What is 2 (base 5) in base 11?
2
Convert -6 (base 8) to base 4.
-12
Convert 2 (base 11) to base 10.
2
What is 0 (base 11) in base 4?
0
What is -6 (base 14) in base 3?
-20
What is 3 (base 14) in base 15?
3
3 (base 15) to base 13
3
0 (base 5) to base 2
0
What is -11111100 (base 2) in base 10?
-252
What is -10a (base 13) in base 7?
-344
What is 2 (base 11) in base 13?
2
Convert -314 (base 6) to base 12.
-9a
146 (base 14) to base 10
258
-1 (base 11) to base 12
-1
Convert -32 (base 4) to base 2.
-1110
Convert -118 (base 10) to base 13.
-91
3b (base 16) to base 14
43
Convert 7 (base 9) to base 2.
111
Convert -7 (base 15) to base 10.
-7
2 (base 7) to base 10
2
-3 (base 13) to base 15
-3
-5 (base 9) to base 15
-5
What is -11 (base 10) in base 3?
-102
Convert 36 (base 7) to base 5.
102
Convert 3 (base 8) to base 12.
3
What is 0 (base 16) in base 5?
0
Convert 1e (base 15) to base 4.
131
What is -100 (base 2) in base 6?
-4
Convert 265 (base 10) to base 11.
221
Convert -10 (base 3) to base 6.
-3
1 (base 13) to base 12
1
-140 (base 8) to base 15
-66
Convert 3 (base 10) to base 2.
11
What is 1031 (base 4) in base 7?
140
What is 1 (base 4) in base 10?
1
What is 1 (base 8) in base 5?
1
Convert 37 (base 15) to base 6.
124
What is 10 (base 5) in base 10?
5
-111 (base 4) to base 16
-15
Convert 5 (base 14) to base 6.
5
-11001010 (base 2) to base 15
-d7
What is 403 (base 6) in base 7?
300
-312 (base 4) to base 2
-110110
-233 (base 4) to base 5
-142
Convert -11 (base 7) to base 10.
-8
Convert a8 (base 14) to base 5.
1043
What is 202 (base 4) in base 10?
34
Convert 5 (base 11) to base 13.
5
What is -435 (base 6) in base 8?
-247
What is 1 (base 11) in base 2?
1
What is 0 (base 16) in base 12?
0
Convert 31 (base 10) to base 4.
133
Convert -7 (base 12) to base 15.
-7
-6 (base 10) to base 12
-6
Convert -30 (base 6) to base 15.
-13
Convert 36 (base 14) to base 13.
39
What is 431 (base 6) in base 9?
201
What is 14 (base 8) in base 2?
1100
-20 (base 8) to base 4
-100
1111 (base 4) to base 12
71
20 (base 12) to base 14
1a
33 (base 14) to base 13
36
2b (base 12) to base 7
50
-8 (base 11) to base 14
-8
Convert -10011 (base 2) to base 9.
-21
3 (base 14) to base 9
3
1 (base 16) to base 9
1
What is 4b (base 14) in base 16?
43
What is 112 (base 4) in base 2?
10110
What is 30 (base 10) in base 3?
1010
Convert -14 (base 7) to base 4.
-23
What is -10 (base 9) in base 5?
-14
Convert 312 (base 7) to base 6.
420
121 (base 5) to base 4
210
Convert -20 (base 3) to base 5.
-11
Convert -16 (base 16) to base 12.
-1a
What is 3 (base 15) in base 3?
10
0 (base 15) to base 14
0
101121 (base 3) to base 13
190
Convert 21 (base 4) to base 5.
14
23 (base 13) to base 14
21
Convert -1 (base 5) to base 10.
-1
Convert 4 (base 14) to base 4.
10
100 (base 3) to base 2
1001
Convert -111111 (base 2) to base 11.
-58
-a (base 11) to base 8
-12
What is -a (base 11) in base 3?
-101
What is 299 (base 10) in base 14?
175
What is -22 (base 6) in base 16?
-e
Convert -77 (base 8) to base 5.
-223
-10100 (base 2) to base 3
-202
What is 1 (base 6) in base 4?
1
-10001001 (base 2) to base 9
-162
What is 11 (base 14) in base 9?
16
0 (base 12) to base 2
0
46 (base 8) to base 11
35
Convert 122 (base 5) to base 8.
45
-9 (base 10) to base 16
-9
-227 (base 11) to base 14
-155
-101 (base 3) to base 6
-14
211 (base 9) to base 5
1142
What is 12 (base 4) in base 13?
6
Convert -17 (base 11) to base 3.
-200
What is -2 (base 5) in base 12?
-2
Convert -110220 (base 3) to base 7.
-1005
1321 (base 4) to base 8
171
-22 (base 9) to base 8
-24
42 (base 15) to base 5
222
Convert 111010 (base 2) to base 4.
322
Convert 12 (base 9) to base 4.
23
-100 (base 11) to base 5
-441
133 (base 5) to base 6
111
53 (base 11) to base 7
112
What is 0 (base 11) in base 8?
0
-3 (base 7) to base 3
-10
-41 (base 16) to base 14
-49
72 (base 14) to base 5
400
What is 1 (base 13) in base 12?
1
Convert -302 (base 6) to base 15.
-75
Convert -33 (base 9) to base 15.
-20
1 (base 8) to base 9
1
What is 9 (base 13) in base 6?
13
-1222 (base 3) to base 8
-65
-23 (base 9) to base 12
-19
Convert -4 (base 8) to base 10.
-4
What is 66 (base 12) in base 4?
1032
-1012 (base 4) to base 14
-50
Convert -30 (base 10) to base 5.
-110
What is 24 (base 9) in base 13?
19
-13 (base 7) to base 8
-12
-1011110 (base 2) to base 11
-86
Convert -12020 (base 3) to base 15.
-96
Convert 8 (base 15) to base 12.